, 17, 607
List the prime factors of 2246020.
2, 5, 7, 61, 263
List the prime factors of 2220634.
2, 13, 223, 383
List the prime factors of 15859526.
2, 7929763
What are the prime factors of 9810184?
2, 311, 3943
What are the prime factors of 1583130?
2, 3, 5, 113, 467
What are the prime factors of 5381495?
5, 7, 153757
What are the prime factors of 5627056?
2, 351691
List the prime factors of 5884355.
5, 1176871
List the prime factors of 9812017.
9812017
List the prime factors of 15575.
5, 7, 89
List the prime factors of 643553.
643553
List the prime factors of 2286565.
5, 229, 1997
List the prime factors of 3037506.
2, 3, 506251
List the prime factors of 271570.
2, 5, 13, 2089
List the prime factors of 13416922.
2, 41, 163621
List the prime factors of 640897.
431, 1487
What are the prime factors of 624637?
13, 48049
What are the prime factors of 42003882?
2, 3, 2333549
What are the prime factors of 17439937?
17439937
List the prime factors of 958511.
17, 56383
List the prime factors of 2100813.
3, 11, 13, 59, 83
What are the prime factors of 301874?
2, 149, 1013
List the prime factors of 648585.
3, 5, 7, 29, 71
What are the prime factors of 18825165?
3, 5, 418337
List the prime factors of 2613179.
61, 42839
List the prime factors of 5585890.
2, 5, 31, 37, 487
List the prime factors of 2068571.
61, 33911
What are the prime factors of 608018?
2, 304009
What are the prime factors of 21825298?
2, 11, 23, 43133
What are the prime factors of 2472?
2, 3, 103
What are the prime factors of 14707617?
3, 4902539
What are the prime factors of 2308234?
2, 19, 23, 139
What are the prime factors of 492559?
31, 15889
What are the prime factors of 1393416?
2, 3, 6451
List the prime factors of 5264861.
7, 23, 53, 617
What are the prime factors of 4503951?
3, 107, 1559
List the prime factors of 25895.
5, 5179
List the prime factors of 978372.
2, 3, 9059
What are the prime factors of 5577122?
2, 17, 9649
List the prime factors of 9616862.
2, 167, 28793
What are the prime factors of 441374?
2, 220687
List the prime factors of 47100.
2, 3, 5, 157
List the prime factors of 1921219.
41, 47, 997
List the prime factors of 21708414.
2, 3, 7, 13, 29, 457
What are the prime factors of 280631?
13, 21587
List the prime factors of 1120199.
211, 5309
What are the prime factors of 1364945?
5, 272989
List the prime factors of 7244112.
2, 3, 150919
What are the prime factors of 251659?
359, 701
What are the prime factors of 102305?
5, 7, 37, 79
What are the prime factors of 161116?
2, 47, 857
List the prime factors of 1411031.
113, 12487
List the prime factors of 20073177.
3, 19, 13043
What are the prime factors of 14857044?
2, 3, 1238087
What are the prime factors of 9535527?
3, 1059503
List the prime factors of 2762015.
5, 552403
What are the prime factors of 7064301?
3, 199, 11833
What are the prime factors of 1179474?
2, 3, 196579
List the prime factors of 915741.
3, 101749
List the prime factors of 19074.
2, 3, 11, 17
List the prime factors of 1748479.
1748479
What are the prime factors of 740319?
3, 246773
What are the prime factors of 4685232?
2, 3, 97609
List the prime factors of 3001667.
67, 71, 631
What are the prime factors of 38856546?
2, 3, 2158697
List the prime factors of 22646642.
2, 11323321
List the prime factors of 2475410.
2, 5, 7, 35363
List the prime factors of 6617517.
3, 2205839
What are the prime factors of 2942047?
503, 5849
What are the prime factors of 16046?
2, 71, 113
What are the prime factors of 4941645?
3, 5, 17, 19379
List the prime factors of 703880.
2, 5, 17597
What are the prime factors of 177745?
5, 19, 1871
What are the prime factors of 20378?
2, 23, 443
What are the prime factors of 2797855?
5, 559571
List the prime factors of 185522.
2, 92761
What are the prime factors of 19472?
2, 1217
List the prime factors of 2016993.
3, 11, 61121
What are the prime factors of 891225?
3, 5, 17, 233
What are the prime factors of 6437081?
7, 383
What are the prime factors of 42524708?
2, 41, 199, 1303
What are the prime factors of 880002?
2, 3, 48889
List the prime factors of 3599756.
2, 899939
What are the prime factors of 7614816?
2, 3, 11, 7211
What are the prime factors of 3538565?
5, 103, 6871
List the prime factors of 900028.
2, 223, 1009
What are the prime factors of 98472?
2, 3, 11, 373
What are the prime factors of 1078243?
733, 1471
List the prime factors of 6089829.
3, 241, 8423
List the prime factors of 390585.
3, 5, 13, 2003
What are the prime factors of 588226?
2, 37, 7949
List the prime factors of 35704652.
2, 139, 64217
List the prime factors of 2750468.
2, 7, 14033
List the prime factors of 4505885.
5, 901177
List the prime factors of 9449040.
2, 3, 5, 39371
List the prime factors of 3584558.
2, 1792279
What are the prime factors of 3314397?
3, 43, 25693
What are the prime factors of 45910?
2, 5, 4591
What are the prime factors of 1542269?
1033, 1493
List the prime factors of 20138405.
5, 7, 43, 13381
What are the prime factors of 581924?
2, 7, 2969
What are the prime factors of 5952547?
181, 32887
List the prime factors of 2499942.
2, 3, 37, 11261
What are the prime factors of 582114?
2, 3, 13, 17, 439
What are the prime factors of 326536?
2, 7, 17
List the prime factors of 11706846.
2, 3, 17, 114773
List the prime factors of 6697320.
2, 3, 5, 7, 17, 67
List the prime factors of 1636194.
2, 3, 7, 163, 239
List the prime factors of 333203.
13, 19, 71
What are the prime factors of 3184500?
2, 3, 5, 11, 193
What are the prime factors of 838412?
2, 239, 877
List the prime factors of 8731244.
2, 2182811
What are the prime factors of 396542?
2, 17, 107, 109
List the prime factors of 1822185.
3, 5, 40493
What are the prime factors of 8618470?
2, 5, 7, 123121
What are the prime factors of 12172062?
2, 3, 7, 61, 4751
List the prime factors of 208777.
17, 12281
What are the prime factors of 2122378?
2, 1061189
List the prime factors of 8816625.
3, 5, 17, 461
What are the prime factors of 510365?
5, 103, 991
What are the prime factors of 146775?
3, 5, 19, 103
What are the prime factors of 128974?
2, 59, 1093
What are the prime factors of 146955?
3, 5, 97, 101
List the prime factors of 38529.
3, 1427
List the prime factors of 6649389.
3, 811, 911
What are the prime factors of 10011118?
2, 13, 23, 16741
List the prime factors of 3066107.
11, 23, 12119
List the prime factors of 551972.
2, 137993
List the prime factors of 15786151.
457, 34543
What are the prime factors of 122085?
3, 5, 2713
What are the prime factors of 365345?
5, 89, 821
List the prime factors of 702833.
53, 89, 149
List the prime factors of 26934.
2, 3, 67
What are the prime factors of 433145?
5, 86629
What are the prime factors of 4500291?
3, 17, 88241
What are the prime factors of 218358?
2, 3, 7, 1733
List the prime factors of 407022.
2, 3, 7, 11, 881
What are the prime factors of 188727?
3, 7, 11, 19, 43
What are the prime factors of 644222?
2, 322111
List the prime factors of 473847.
3, 11, 83, 173
What are the prime factors of 954257?
954257
List the prime factors of 313405.
5, 19, 3299
What are the prime factors of 3465697?
3465697
What are the prime factors of 2538271?
61, 41611
What are the prime factors of 1144125?
3, 5, 113
What are the prime factors of 87934?
2, 7, 11, 571
List the prime factors of 511128.
2, 3, 31, 229
What are the prime factors of 189241?
13, 14557
What are the prime factors of 216559?
7, 30937
What are the prime factors of 3274959?
3, 421, 2593
What are the prime factors of 10939042?
2, 223, 24527
What are the prime factors of 2309017?
181, 12757
List the prime factors of 36753619.
7, 19, 276343
What are the prime factors of 145765?
5, 29153
List the prime factors of 348742.
2, 127, 1373
What are the prime factors of 1646330?
2, 5, 7, 29, 811
List the prime factors of 6439458.
2, 3, 1073243
What are the prime factors of 13604333?
41, 8093
What are the prime factors of 465973?
71, 6563
What are the prime factors of 29167995?
3, 5, 857, 2269
What are the prime factors of 2339055?
3, 5, 59, 881
What are the prime factors of 20332583?
20332583
List the prime factors of 30304.
2, 947
What are the prime factors of 3678120?
2, 3, 5, 17, 601
List the prime factors of 1303115.
5, 11, 19, 29, 43
List the prime factors of 8473683.
3, 23, 227, 541
List the 